{"id":2507,"date":"2020-07-23T07:59:31","date_gmt":"2020-07-23T07:59:31","guid":{"rendered":"http:\/\/www.quetalestas.es\/veranoydanza\/?page_id=2507"},"modified":"2026-04-29T23:56:18","modified_gmt":"2026-04-29T23:56:18","slug":"listado-de-alumnos","status":"publish","type":"page","link":"https:\/\/www.quetalestas.es\/veranoydanza\/listado-de-alumnos\/","title":{"rendered":"LISTADO DE ALUMNAS\/OS 2026"},"content":{"rendered":"<p>Las Alumnas\/os resaltados en negrita, ya han formalizado su matr\u00edcula con el pago completo*.<\/p>\n\n\n<figure class=\"wp-block-table\"><table class=\"has-fixed-layout\"><tbody><tr><td><strong>01.- <\/strong>M\u00f3nica Castellano Jim\u00e9nez<\/td><td><strong>06.- <\/strong>Eleyda Santana Alem\u00e1n<\/td><\/tr><tr><td><strong>02.- <\/strong>Mar\u00eda Hern\u00e1ndez P\u00e9rez<\/td><td><strong>07.-<\/strong> Mar\u00eda Isabel Lemes Avalos<\/td><\/tr><tr><td><strong>03.- &nbsp;<\/strong>Vidina Alem\u00e1n Medina<\/td><td><strong>08.- <\/strong>Andy Pallares Mataix<\/td><\/tr><tr><td><strong>04.- <\/strong>Noa D\u00edaz Ballesteros<\/td><td><strong>09.- Alexia Cabrera Marrero<\/strong><\/td><\/tr><tr><td><strong>05.-<\/strong> Mar\u00eda Isabel Lemes Avalos<\/td><td><strong>10.- Eva Guti\u00e9rrez Barrera<\/strong><\/td><\/tr><\/tbody><\/table><\/figure>\n\n\n\n<figure class=\"wp-block-table\"><table class=\"has-black-color has-text-color has-fixed-layout\"><tbody><tr><td><strong>11.-<\/strong> Adela Rodr\u00edguez Feo<\/td><td><strong>16.- <\/strong>Sara Reyes Castellano<\/td><\/tr><tr><td><strong>12.-<\/strong>Emma Masse<\/td><td><strong>17.- <\/strong>Elsa Reyes Castellano<\/td><\/tr><tr><td><strong>13.- Leben Amilibia<\/strong><\/td><td><strong>18.-&nbsp;Carmen Gara Marrero Castellano<\/strong><\/td><\/tr><tr><td><strong>14.-<\/strong> <strong>Rebecca L\u00f3pez Millet<\/strong><\/td><td><strong>19.- <\/strong>Lucia Rodr\u00edguez Peralta<\/td><\/tr><tr><td><strong>15.- <\/strong>Adri\u00e1n Serrano Fern\u00e1ndez<\/td><td><strong>20.- Marta Font\u00e1n B\u00e1ez<\/strong><\/td><\/tr><\/tbody><\/table><\/figure>\n\n\n\n<figure class=\"wp-block-table\"><table class=\"has-fixed-layout\"><tbody><tr><td><strong>21.-&nbsp;<\/strong>Paula Vera Seigneur<\/td><td><strong>26.- <\/strong>Leila Darias Guti\u00e9rrez<\/td><\/tr><tr><td><strong>22.-<\/strong> Alejandro Vera Seigneur<\/td><td><strong>27.- Celia Campos Rodr\u00edguez<\/strong><\/td><\/tr><tr><td><strong>23.- Sof\u00eda Marcos Guerra<\/strong><\/td><td><strong>28.- Eloy Campos Rodr\u00edguez<\/strong><\/td><\/tr><tr><td><strong>24.-<\/strong> Valentina L\u00f3pez Gutierez<\/td><td><strong>29.- <\/strong>Martin Pierazzoli Samper<\/td><\/tr><tr><td><strong>25.- <\/strong>Marina Castellano Hirdina<\/td><td><strong>30.-<\/strong> <strong>Eleyda Santana Alem\u00e1n<\/strong><\/td><\/tr><\/tbody><\/table><\/figure>\n\n\n\n<figure class=\"wp-block-table is-style-regular\"><table class=\"has-fixed-layout\"><tbody><tr><td><strong>31.- Susana V\u00e1zquez Jim\u00e9nez<\/strong><\/td><td><strong>36.- <\/strong>Aymara Castellano Santiago<\/td><\/tr><tr><td><strong>32.- Manuela Rivero Mart\u00edn<\/strong><\/td><td><strong>37.- Carlos Bord\u00f3n Guill\u00e9n<\/strong><\/td><\/tr><tr><td><strong>33.- <\/strong>Carla Perez Sosa<\/td><td><strong>38.- <\/strong>Celia Campos Rodr\u00edguez<\/td><\/tr><tr><td><strong>34.-<\/strong> Bela Ca\u00f1ada Lemes<\/td><td><strong>39.- <\/strong>Nora Medina Arencibia<\/td><\/tr><tr><td><strong>35.- <\/strong>Candela Guti\u00e9rrez Armas<\/td><td><strong>40.- <\/strong>Iria P\u00e9rez Rodr\u00edguez<\/td><\/tr><\/tbody><\/table><\/figure>\n\n\n\n<figure class=\"wp-block-table\"><table class=\"has-fixed-layout\"><tbody><tr><td><strong>41.- Hirdina Castilla Marina<\/strong><\/td><td><strong>46.-<\/strong> <strong>Aithana Rodr\u00edguez Castellano<\/strong><\/td><\/tr><tr><td><strong>42.-<\/strong> Mar\u00eda Mart\u00edn Herrera<\/td><td><strong>47.- Laura Ramos Santana<\/strong><\/td><\/tr><tr><td><strong>43.-<\/strong> <strong>Lola Arce lobo<\/strong><\/td><td><strong>48.- Alba Ramos Santana<\/strong><\/td><\/tr><tr><td><strong>44.-<\/strong> Sara Vallejo Granados<\/td><td><strong>49.-<\/strong> Maryam Matani Oviedo<\/td><\/tr><tr><td><strong>45.-<\/strong> Jorge Mili\u00e1n S\u00e1nchez<\/td><td><strong>50.- Alegra Rodr\u00edguez Cabrera<\/strong><\/td><\/tr><\/tbody><\/table><\/figure>\n\n\n\n<figure class=\"wp-block-table\"><table class=\"has-fixed-layout\"><tbody><tr><td><strong>51.-<\/strong> Noa D\u00edaz Ballesteros<\/td><td><strong>56.- Daniela Orias Hern\u00e1ndez<\/strong><\/td><\/tr><tr><td><strong>52.- Alma Betancor Gonz\u00e1lez<\/strong><\/td><td><strong>57.- Marta Orias Hern\u00e1ndez<\/strong><\/td><\/tr><tr><td><strong>53.-<\/strong> <strong>Elena Machado Cardenes<\/strong><\/td><td><strong>58.- Candela Guiti\u00e1n Rodr\u00edguez<\/strong><\/td><\/tr><tr><td><strong>54.-<\/strong> Jorge Lobo Guimar\u00e9<\/td><td><strong>59.- Manuela Rivero Mart\u00edn<\/strong><\/td><\/tr><tr><td><strong>55.-<\/strong> Ana Sof\u00eda Camacho<\/td><td><strong>60.- Andy Pallares Mataix<\/strong><\/td><\/tr><\/tbody><\/table><\/figure>\n\n\n\n<figure class=\"wp-block-table\"><table class=\"has-fixed-layout\"><tbody><tr><td><strong>61.-<\/strong> Sofia Padr\u00f3n Cabrera<\/td><td><strong>66.-<\/strong> Mike &nbsp;Pieles<\/td><\/tr><tr><td><strong>62.-<\/strong> Ana Maria S\u00e1nchez Hern\u00e1ndez<\/td><td><strong>67.-<\/strong> Elena Parra Del Pino<\/td><\/tr><tr><td><strong>63.-<\/strong> Victoria Amador Lozano<\/td><td><strong>68.-<\/strong> Aysha Bhagat P\u00e9rez<\/td><\/tr><tr><td><strong>64.-<\/strong> Audrey Nuez Aparicio<\/td><td><strong>69.-<\/strong> Sof\u00eda Marrero Rivero<\/td><\/tr><tr><td><strong>65.-<\/strong> Vera Salazar Garc\u00eda<\/td><td><strong>70.-<\/strong> Sophia Portulano<\/td><\/tr><\/tbody><\/table><\/figure>\n\n\n\n<figure class=\"wp-block-table\"><table class=\"has-fixed-layout\"><tbody><tr><td><strong>71.-<\/strong> Nora L\u00f3pez Socorro<\/td><td><strong>76.- <\/strong><\/td><\/tr><tr><td><strong>72.-<\/strong> Vera L\u00f3pez Socorro<\/td><td><strong>77.-<\/strong> <\/td><\/tr><tr><td><strong>73.-<\/strong> Aura P\u00e9rez Papp<\/td><td><strong>78.-<\/strong><\/td><\/tr><tr><td><strong>74.-<\/strong><\/td><td><strong>79.-<\/strong><\/td><\/tr><tr><td><strong>75.-<\/strong><\/td><td><strong>80.-<\/strong><\/td><\/tr><\/tbody><\/table><\/figure>\n\n\n\n<hr class=\"wp-block-separator has-alpha-channel-opacity\"\/>\n\n\n<p>&nbsp;<\/p>\n<p>*&nbsp; Los datos de formalizaci\u00f3n de matr\u00edcula nos los proporcionan la Fundaci\u00f3n Auditorio y Teatro de Las Palmas de Gran Canaria, por lo que puede tardar un poco en verse reflejados en la tabla.<\/p>\n\n\n<p><\/p>\n","protected":false},"excerpt":{"rendered":"<p>Las Alumnas\/os resaltados en negrita, ya han formalizado su matr\u00edcula con el pago completo*. 01.- M\u00f3nica Castellano Jim\u00e9nez 06.- Eleyda Santana Alem\u00e1n 02.- Mar\u00eda Hern\u00e1ndez P\u00e9rez 07.- Mar\u00eda Isabel Lemes Avalos 03.- &nbsp;Vidina Alem\u00e1n Medina 08.- Andy Pallares Mataix 04.- Noa D\u00edaz Ballesteros 09.- Alexia Cabrera Marrero 05.- Mar\u00eda Isabel Lemes Avalos 10.- Eva Guti\u00e9rrez [&hellip;]<\/p>\n","protected":false},"author":1,"featured_media":0,"parent":0,"menu_order":0,"comment_status":"closed","ping_status":"closed","template":"","meta":{"_genesis_hide_title":false,"_genesis_hide_breadcrumbs":false,"_genesis_hide_singular_image":false,"_genesis_hide_footer_widgets":false,"_genesis_custom_body_class":"","_genesis_custom_post_class":"","_genesis_layout":"","ngg_post_thumbnail":0,"footnotes":""},"class_list":{"0":"post-2507","1":"page","2":"type-page","3":"status-publish","5":"entry"},"_links":{"self":[{"href":"https:\/\/www.quetalestas.es\/veranoydanza\/wp-json\/wp\/v2\/pages\/2507","targetHints":{"allow":["GET"]}}],"collection":[{"href":"https:\/\/www.quetalestas.es\/veranoydanza\/wp-json\/wp\/v2\/pages"}],"about":[{"href":"https:\/\/www.quetalestas.es\/veranoydanza\/wp-json\/wp\/v2\/types\/page"}],"author":[{"embeddable":true,"href":"https:\/\/www.quetalestas.es\/veranoydanza\/wp-json\/wp\/v2\/users\/1"}],"replies":[{"embeddable":true,"href":"https:\/\/www.quetalestas.es\/veranoydanza\/wp-json\/wp\/v2\/comments?post=2507"}],"version-history":[{"count":247,"href":"https:\/\/www.quetalestas.es\/veranoydanza\/wp-json\/wp\/v2\/pages\/2507\/revisions"}],"predecessor-version":[{"id":3728,"href":"https:\/\/www.quetalestas.es\/veranoydanza\/wp-json\/wp\/v2\/pages\/2507\/revisions\/3728"}],"wp:attachment":[{"href":"https:\/\/www.quetalestas.es\/veranoydanza\/wp-json\/wp\/v2\/media?parent=2507"}],"curies":[{"name":"wp","href":"https:\/\/api.w.org\/{rel}","templated":true}]}}